{"id":5389,"date":"2015-07-20T20:53:51","date_gmt":"2015-07-20T11:53:51","guid":{"rendered":"http:\/\/kakitreeproject.com\/english\/?page_id=5389"},"modified":"2016-10-20T10:44:21","modified_gmt":"2016-10-20T01:44:21","slug":"annual-schedule","status":"publish","type":"page","link":"https:\/\/kakitreeproject.com\/italiano\/?page_id=5389","title":{"rendered":"Programma annuale"},"content":{"rendered":"<p>Il \u201cKaki Tree Project \u2013 La rinascita del tempo\u201d prende avvio dall\u2019ardente desiderio delle persone delle localit\u00e0 di piantatura di piantare le pianticelle di \u201cseconda generazione dell\u2019albero di cachi sopravvissuto al bombardamento atomico\u201d. In risposta ai requisiti per i controlli sanitari per l\u2019importazione vigenti nei Paesi in cui vanno importate le piante, \u00e8 necessario che queste siano sottoposte per due volte a controlli sul luogo di coltivazione e disinfezione (per l\u2019Unione Europea) e a controlli fitosanitari da parte della Plant Protection Station del Ministero dell&#8217;Agricoltura, Foreste e Pesca giapponese. Il Comitato Esecutivo del Kaki Tree Project supporta l\u2019esecuzione ditutte queste operazioni di controllo.Inoltre, a seconda dei Paesi, potrebbe rendersi necessaria una \u201cLicenza di importazione\u201d e in tali casi spetter\u00e0 alle persone della localit\u00e0 di piantatura procurarsi i relativi documenti.<\/p>\n<p>Le nostre attivit\u00e0 vengono portate avanti nel corso dell\u2019anno secondo il seguente programma.<\/p>\n<h3>Localit\u00e0 di piantatura<\/h3>\n<dl class=\"list1 pink\">\n<dt>30 aprile<\/dt>\n<dd>Scadenza per la presentazione della domanda per la piantatura dall\u2019estero (domanda inoltrabile via sito web e via fax)<\/dd>\n<\/dl>\n<dl class=\"list1 green\">\n<dt>30 Giugno<\/dt>\n<dd>Acquisizione della licenza di importazione<br \/>\n* Solo per i Paesi per i quali \u00e8 necessaria l\u2019autorizzazione all\u2019importazione (America, Canada, ecc.)\n<\/dd>\n<\/dl>\n<dl class=\"list1 pink\">\n<dt>30 settembre<\/dt>\n<dd>Scadenza per la presentazione della domanda per la piantatura dal Giappone (domanda inoltrabile via sito web e via fax)<\/dd>\n<\/dl>\n<dl class=\"list1 green\">\n<dt>Met\u00e0 ottobre<\/dt>\n<dd>Arrivodella comunicazione della decisione circa le localit\u00e0 di piantatura e dei documenti<\/dd>\n<\/dl>\n<dl class=\"list1 pink\">\n<dt>Inizio ~ fine febbraio<\/dt>\n<dd>Arrivo della piantina di \u201cseconda generazione dell\u2019albero di cachi sopravvissuto al bombardamento atomico\u201d<br \/>\nEsecuzione della piantatura temporanea in vaso\n<\/dd>\n<\/dl>\n<dl class=\"list1 green\">\n<dt>Marzo ~ Aprile<\/dt>\n<dd>Svolgimento della cerimonia di piantatura\n<\/dd>\n<\/dl>\n<dl class=\"list1 pink\">\n<dt>Entro il 30 giugno<\/dt>\n<dd>Invio alla\u201cSegreteria del Kaki Tree Project\u201d in Giappone delle fotografie, delle riprese video e di altro materiale relativi alla cerimonia di piantatura\n<\/dd>\n<\/dl>\n<h3>Comitato Esecutivo del Kaki Tree Project<\/h3>\n<dl class=\"list1 pink\">\n<dt>31 maggio<\/dt>\n<dd>Richiesta dei controlli sul luogo di coltivazione<\/dd>\n<\/dl>\n<dl class=\"list1 green\">\n<dt>Giugno ~ Luglio<\/dt>\n<dd>Invio alla \u201cSegreteria del Kaki Tree Project\u201d della Licenza di importazioneda parte delle localit\u00e0 di piantatura<br \/>\nPrimo controllo sul luogo di coltivazione a Nagasaki(effettuato dalla Plant Protection Station giapponese)\n<\/dd>\n<\/dl>\n<dl class=\"list1 pink\">\n<dt>Inizio ottobre<\/dt>\n<dd>Decisione circa le localit\u00e0 di piantatura per l\u2019anno successivo<br \/>\nInvio della comunicazione della decisione circa le localit\u00e0 di piantatura e dei documentia ciascuna localit\u00e0 per cui \u00e8 prevista la piantatura<\/dd>\n<\/dl>\n<dl class=\"list1 green\">\n<dt>Ottobre<\/dt>\n<dd>Secondo controllo sul luogo di coltivazionee disinfezione a Nagasaki(effettuati dalla Plant Protection Station giapponese)\n<\/dd>\n<\/dl>\n<dl class=\"list1 pink\">\n<dt>Fine dicembre<\/dt>\n<dd>Ricevimento del Certificato di superamento dei controlli sul luogo di coltivazione(Plant Protection Station\u2192Comitato Esecutivo del Kaki Tree Project)<\/dd>\n<\/dl>\n<dl class=\"list1 green\">\n<dt>Fine gennaio<\/dt>\n<dd>Esecuzione dei controlli fitosanitari ed emissione del Certificato fitosanitario (Plant Protection Station)<br \/>\nSpedizione delle piantine (Comitato Esecutivo del Kaki Tree Project \u2192 Ciascuna localit\u00e0 di piantatura)\n<\/dd>\n<\/dl>\n<dl class=\"list1 pink\">\n<dt>Fine febbraio<\/dt>\n<dd>Invio del messaggio di Masayuki Ebinuma e dell\u2019omaggio del \u201cKaki Tree Project \u2013 La rinascita del tempo\u201d (Comitato Esecutivo del Kaki Tree Project \u2192 Ciascuna localit\u00e0 di piantatura)<\/dd>\n<\/dl>\n<dl class=\"list1 green\">\n<dt>Entro il 30 giugno<\/dt>\n<dd>Ricevimento delle fotografie, delle riprese video e di altro materiale relativi alla cerimonia di piantatura da ciascuna localit\u00e0di piantatura\n<\/dd>\n<\/dl>\n","protected":false},"excerpt":{"rendered":"<p>Il \u201cKaki Tree Project \u2013 La rinascita del tempo\u201d prende avvio dall\u2019ardente desiderio delle persone delle locali&#8230;  <a class=\"excerpt-read-more\" href=\"https:\/\/kakitreeproject.com\/italiano\/?page_id=5389\" title=\"Read Programma annuale\">\u3082\u3063\u3068\u8aad\u3080 &raquo;<\/a><\/p>\n","protected":false},"author":2,"featured_media":0,"parent":0,"menu_order":0,"comment_status":"closed","ping_status":"closed","template":"","meta":[],"_links":{"self":[{"href":"https:\/\/kakitreeproject.com\/italiano\/index.php?rest_route=\/wp\/v2\/pages\/5389"}],"collection":[{"href":"https:\/\/kakitreeproject.com\/italiano\/index.php?rest_route=\/wp\/v2\/pages"}],"about":[{"href":"https:\/\/kakitreeproject.com\/italiano\/index.php?rest_route=\/wp\/v2\/types\/page"}],"author":[{"embeddable":true,"href":"https:\/\/kakitreeproject.com\/italiano\/index.php?rest_route=\/wp\/v2\/users\/2"}],"replies":[{"embeddable":true,"href":"https:\/\/kakitreeproject.com\/italiano\/index.php?rest_route=%2Fwp%2Fv2%2Fcomments&post=5389"}],"version-history":[{"count":8,"href":"https:\/\/kakitreeproject.com\/italiano\/index.php?rest_route=\/wp\/v2\/pages\/5389\/revisions"}],"predecessor-version":[{"id":5414,"href":"https:\/\/kakitreeproject.com\/italiano\/index.php?rest_route=\/wp\/v2\/pages\/5389\/revisions\/5414"}],"wp:attachment":[{"href":"https:\/\/kakitreeproject.com\/italiano\/index.php?rest_route=%2Fwp%2Fv2%2Fmedia&parent=5389"}],"curies":[{"name":"wp","href":"https:\/\/api.w.org\/{rel}","templated":true}]}}