{"id":5399,"date":"2015-07-20T21:00:35","date_gmt":"2015-07-20T12:00:35","guid":{"rendered":"http:\/\/kakitreeproject.com\/english\/?page_id=5399"},"modified":"2020-02-15T14:41:41","modified_gmt":"2020-02-15T05:41:41","slug":"application-for-planting","status":"publish","type":"page","link":"https:\/\/kakitreeproject.com\/italiano\/?page_id=5399","title":{"rendered":"Domanda per la piantatura"},"content":{"rendered":"<p><img src=\"\/italiano\/wp-content\/themes\/KakiTreeProject\/img\/shokujuPhoto.jpg\" alt=\" \"><\/p>\n<p>Lepiantine di &#8220;seconda generazione dell&#8217;albero di cachi sopravvissuto al bombardamento atomico&#8221; sono nate da un albero di cachi che sopravvisse al bombardamento atomico di Nagasaki del 9 agosto 1945 e che fu curato e fatto rinascere dal dottor Masayuki Ebinuma, un arboricoltore. Cerchiamo in tutto il mondo bambini che piantino e allevino queste piantine. Coloro che desiderano allevare una piantina sono pregati di fare quanto esposto di seguito.<\/p>\n<ul class=\"onegai\">\n<li><span class=\"underlineYellow\">Cercare un luogo in cui poter mettere a dimora una piantina di &#8220;seconda generazione dell&#8217;albero di cachi sopravvissuto al bombardamento atomico&#8221;, piantarla e allevarla con cura.<\/span><\/li>\n<li><span class=\"underlineYellow\">Organizzare la cerimonia di piantatura &#8220;Meet the KAKI&#8221; insieme alla gente e ai bambini della localit\u00e0 di piantatura.<\/span><\/li>\n<li><span class=\"underlineYellow\">Tenere dei workshop e degli eventi sul tema della pace con i bambini in occasione della piantatura (in qualsiasi forma e di qualsiasi contenuto).<\/span><\/li>\n<li><span class=\"underlineYellow\">Organizzare la &#8220;Giornata dedicata all&#8217;albero di cachi&#8221; ogni anno in corrispondenza dell&#8217;anniversario della piantatura e continuare a creare occasioni di studio sulla pace.<\/span><\/li>\n<li><span class=\"underlineYellow\">Organizzare la festa di celebrazione della crescita &#8220;The Harvest of KAKI&#8221; 10 anni dopo la piantatura, per festeggiare la crescita dell&#8217;albero di cachi e dei bambini.<\/span><\/li>\n<\/ul>\n<p class=\"bold simekiri\">La scadenza per le domande dall&#8217;estero \u00e8 il 30 aprile,<br \/>\nquella per le domande dal Giappone \u00e8 il 30 settembre, ogni anno.<br \/>\nPeriodo di arrivo delle piantine: Febbraio ~ Marzo dell&#8217;anno seguente<br \/>\nPeriodo ottimale per la piantatura: Marzo ~ Aprile dell&#8217;anno seguente<\/p>\n<p>Coloro che desiderano presentare domanda per la piantatura sono pregati di utilizzare il modulo qui sotto. In caso di problemi con la compilazione del modulo, stampare il <a href=\"xxx?phpMyAdmin=WF51bj5175CdRc1SpDdfd-Xa6y4\">PDF<\/a> del Modulo della domanda per la piantatura, compilare i campi richiesti ed inviarlo per posta. Qualora pervenisse un elevato numero di domande, il Comitato Esecutivo stabilir\u00e0 le localit\u00e0 di piantatura per l&#8217;anno successivo e ne dar\u00e0 comunicazione.<\/p>\n<div class=\"btShokuju\"><a href=\"http:\/\/kakitreeproject.com\/italiano\/?page_id=5393\">Modulo della domanda per la piantatura<\/a><\/div>\n","protected":false},"excerpt":{"rendered":"<p>Lepiantine di &#8220;seconda generazione dell&#8217;albero di cachi sopravvissuto al bombardamento atomico&#038;#82&#8230;  <a class=\"excerpt-read-more\" href=\"https:\/\/kakitreeproject.com\/italiano\/?page_id=5399\" title=\"Read Domanda per la piantatura\">\u3082\u3063\u3068\u8aad\u3080 &raquo;<\/a><\/p>\n","protected":false},"author":2,"featured_media":0,"parent":0,"menu_order":0,"comment_status":"closed","ping_status":"closed","template":"","meta":[],"_links":{"self":[{"href":"https:\/\/kakitreeproject.com\/italiano\/index.php?rest_route=\/wp\/v2\/pages\/5399"}],"collection":[{"href":"https:\/\/kakitreeproject.com\/italiano\/index.php?rest_route=\/wp\/v2\/pages"}],"about":[{"href":"https:\/\/kakitreeproject.com\/italiano\/index.php?rest_route=\/wp\/v2\/types\/page"}],"author":[{"embeddable":true,"href":"https:\/\/kakitreeproject.com\/italiano\/index.php?rest_route=\/wp\/v2\/users\/2"}],"replies":[{"embeddable":true,"href":"https:\/\/kakitreeproject.com\/italiano\/index.php?rest_route=%2Fwp%2Fv2%2Fcomments&post=5399"}],"version-history":[{"count":9,"href":"https:\/\/kakitreeproject.com\/italiano\/index.php?rest_route=\/wp\/v2\/pages\/5399\/revisions"}],"predecessor-version":[{"id":6105,"href":"https:\/\/kakitreeproject.com\/italiano\/index.php?rest_route=\/wp\/v2\/pages\/5399\/revisions\/6105"}],"wp:attachment":[{"href":"https:\/\/kakitreeproject.com\/italiano\/index.php?rest_route=%2Fwp%2Fv2%2Fmedia&parent=5399"}],"curies":[{"name":"wp","href":"https:\/\/api.w.org\/{rel}","templated":true}]}}